{"id":161,"date":"2012-09-18T21:16:31","date_gmt":"2012-09-19T00:16:31","guid":{"rendered":"http:\/\/www.24baires.com\/?page_id=161"},"modified":"2012-11-21T12:02:33","modified_gmt":"2012-11-21T15:02:33","slug":"radios-bonaerenses","status":"publish","type":"page","link":"https:\/\/www.24baires.com\/?page_id=161","title":{"rendered":"Radios Bonaerenses"},"content":{"rendered":"<p style=\"text-align: left;\"><strong><a href=\"http:\/\/www.24baires.com\/contacto\/\" target=\"_blank\">Agreg\u00e1 tu radio\u00a0<\/a>\u00a0 \u00a0 \u00a0 \u00a0 \u00a0 \u00a0 \u00a0<em>\u00a0\u00a0\u00a0\u00a0\u00a0\u00a0\u00a0\u00a0\u00a0\u00a0\u00a0\u00a0\u00a0\u00a0\u00a0\u00a0\u00a0\u00a0\u00a0\u00a0\u00a0\u00a0\u00a0 Powered By<\/em>\u00a0\u00a0<a href=\"http:\/\/www.enlaradio.com.ar\/\" target=\"_blank\"><img data-recalc-dims=\"1\" loading=\"lazy\" decoding=\"async\" src=\"https:\/\/i0.wp.com\/www.enlaradio.com.ar\/img\/elr_sign.png?resize=101%2C28\" alt=\"Radios de Argentina\" width=\"101\" height=\"28\" \/><\/a>\u00a0 \u00a0 \u00a0\u00a0<\/strong><\/p>\n<table style=\"width: 560px; height: 75px;\" border=\"0\" cellspacing=\"1\" cellpadding=\"1\" align=\"center\">\n<tbody>\n<tr>\n<td style=\"vertical-align: middle;\"><img data-recalc-dims=\"1\" decoding=\"async\" src=\"https:\/\/i0.wp.com\/enlaradio.com.ar\/img\/ids\/bd_madres.gif?w=860\" alt=\"Madres de Plaza de Mayo\" \/><\/td>\n<td style=\"vertical-align: middle;\">Radio Madres | AM 530 (Buenos Aires)<\/td>\n<td style=\"vertical-align: middle;\"><img data-recalc-dims=\"1\" decoding=\"async\" title=\"Escuchar Radio en VIVO!\" src=\"https:\/\/i0.wp.com\/www.enlaradio.com.ar\/img\/listen_wmp.gif?w=860\" alt=\"\" border=\"0\" \/><\/td>\n<\/tr>\n<tr>\n<td style=\"vertical-align: middle;\"><img data-recalc-dims=\"1\" decoding=\"async\" src=\"https:\/\/i0.wp.com\/enlaradio.com.ar\/img\/ids\/bd_provincia.gif?w=860\" alt=\"Radio Provincia\" \/><\/td>\n<td style=\"vertical-align: middle;\">Radio Provincia | AM 1270 (Buenos Aires)<\/td>\n<td style=\"vertical-align: middle;\"><img data-recalc-dims=\"1\" decoding=\"async\" title=\"Escuchar Radio en VIVO!\" src=\"https:\/\/i0.wp.com\/www.enlaradio.com.ar\/img\/listen_wmp.gif?w=860\" alt=\"\" border=\"0\" \/><\/td>\n<\/tr>\n<tr>\n<td style=\"vertical-align: middle;\"><img data-recalc-dims=\"1\" decoding=\"async\" src=\"https:\/\/i0.wp.com\/www.enlaradio.com.ar\/img\/ids\/bd_fmciudad.gif?w=860\" alt=\"\" \/><\/td>\n<td style=\"vertical-align: middle;\">FM 94.7, Bah\u00eda Blanca, (Buenos Aires)<\/td>\n<td style=\"vertical-align: middle;\"><img data-recalc-dims=\"1\" decoding=\"async\" title=\"Escuchar Radio en VIVO!\" src=\"https:\/\/i0.wp.com\/www.enlaradio.com.ar\/img\/listen_wmp.gif?w=860\" alt=\"\" border=\"0\" \/><\/td>\n<\/tr>\n<tr>\n<td style=\"vertical-align: middle;\"><img data-recalc-dims=\"1\" decoding=\"async\" src=\"https:\/\/i0.wp.com\/www.enlaradio.com.ar\/img\/ids\/bd_universal_bahia.gif?w=860\" alt=\"\" \/><\/td>\n<td style=\"vertical-align: middle;\">FM 95.5, Bah\u00eda Blanca, (Buenos Aires)<\/td>\n<td style=\"vertical-align: middle;\"><img data-recalc-dims=\"1\" decoding=\"async\" title=\"Escuchar Radio en VIVO!\" src=\"https:\/\/i0.wp.com\/www.enlaradio.com.ar\/img\/listen_wmp.gif?w=860\" alt=\"\" border=\"0\" \/><\/td>\n<\/tr>\n<tr>\n<td style=\"vertical-align: middle;\"><img data-recalc-dims=\"1\" decoding=\"async\" src=\"https:\/\/i0.wp.com\/www.enlaradio.com.ar\/img\/ids\/bd_labrujula24.gif?w=860\" alt=\"\" \/><\/td>\n<td style=\"vertical-align: middle;\">FM 93.1, Bah\u00eda Blanca, (Buenos Aires)<\/td>\n<td style=\"vertical-align: middle;\"><img data-recalc-dims=\"1\" decoding=\"async\" title=\"Escuchar Radio en VIVO!\" src=\"https:\/\/i0.wp.com\/www.enlaradio.com.ar\/img\/listen_wmp.gif?w=860\" alt=\"\" border=\"0\" \/><\/td>\n<\/tr>\n<tr>\n<td style=\"vertical-align: middle;\"><img data-recalc-dims=\"1\" loading=\"lazy\" decoding=\"async\" class=\"aligncenter  wp-image-188\" title=\"residencias\" src=\"https:\/\/i0.wp.com\/www.24baires.com\/wp-content\/uploads\/2012\/09\/residencias.jpg?resize=114%2C71\" alt=\"\" width=\"114\" height=\"71\" \/><\/td>\n<td style=\"vertical-align: middle;\">FM 96.5, Residencias, Mar del Plata<\/td>\n<td style=\"vertical-align: middle;\"><img data-recalc-dims=\"1\" decoding=\"async\" title=\"Escuchar Radio en VIVO!\" src=\"https:\/\/i0.wp.com\/www.enlaradio.com.ar\/img\/listen_wmp.gif?w=860\" alt=\"\" border=\"0\" \/><\/td>\n<\/tr>\n<tr>\n<td style=\"vertical-align: middle;\"><img data-recalc-dims=\"1\" loading=\"lazy\" decoding=\"async\" class=\"aligncenter size-full wp-image-191\" title=\"nativa\" src=\"https:\/\/i0.wp.com\/www.24baires.com\/wp-content\/uploads\/2012\/09\/nativa1.jpg?resize=112%2C70\" alt=\"\" width=\"112\" height=\"70\" \/><\/td>\n<td style=\"vertical-align: middle;\">FM 102.5, Sierra de los Padres<\/td>\n<td style=\"vertical-align: middle;\"><img data-recalc-dims=\"1\" decoding=\"async\" title=\"Escuchar Radio en VIVO!\" src=\"https:\/\/i0.wp.com\/www.enlaradio.com.ar\/img\/listen_wmp.gif?w=860\" alt=\"\" border=\"0\" \/><\/td>\n<\/tr>\n<tr>\n<td style=\"vertical-align: middle;\"><img data-recalc-dims=\"1\" loading=\"lazy\" decoding=\"async\" class=\"aligncenter size-full wp-image-195\" title=\"azotea\" src=\"https:\/\/i0.wp.com\/www.24baires.com\/wp-content\/uploads\/2012\/09\/azotea1.jpg?resize=112%2C71\" alt=\"\" width=\"112\" height=\"71\" \/><\/td>\n<td style=\"vertical-align: middle;\">FM 88.7, De la Azotea, Mar del Plata<\/td>\n<td style=\"vertical-align: middle;\"><img data-recalc-dims=\"1\" decoding=\"async\" title=\"Escuchar Radio en VIVO!\" src=\"https:\/\/i0.wp.com\/www.enlaradio.com.ar\/img\/listen_wmp.gif?w=860\" alt=\"\" border=\"0\" \/><\/td>\n<\/tr>\n<tr>\n<td style=\"vertical-align: middle;\"><img data-recalc-dims=\"1\" loading=\"lazy\" decoding=\"async\" class=\"aligncenter size-full wp-image-197\" title=\"pueblo azul\" src=\"https:\/\/i0.wp.com\/www.24baires.com\/wp-content\/uploads\/2012\/09\/pueblo-azul.jpg?resize=112%2C71\" alt=\"\" width=\"112\" height=\"71\" \/><\/td>\n<td style=\"vertical-align: middle;\">FM 104.1, Del Pueblo, Azul<\/td>\n<td style=\"vertical-align: middle;\"><img data-recalc-dims=\"1\" decoding=\"async\" title=\"Escuchar Radio en VIVO!\" src=\"https:\/\/i0.wp.com\/www.enlaradio.com.ar\/img\/listen_wmp.gif?w=860\" alt=\"\" border=\"0\" \/><\/td>\n<\/tr>\n<tr>\n<td style=\"vertical-align: middle;\"><img data-recalc-dims=\"1\" loading=\"lazy\" decoding=\"async\" class=\"aligncenter size-full wp-image-199\" title=\"kids mdp\" src=\"https:\/\/i0.wp.com\/www.24baires.com\/wp-content\/uploads\/2012\/09\/kids-mdp.jpg?resize=112%2C71\" alt=\"\" width=\"112\" height=\"71\" \/><\/td>\n<td style=\"vertical-align: middle;\">FM 90.5, Radio Kids, Mar del Plata<\/td>\n<td style=\"vertical-align: middle;\"><img data-recalc-dims=\"1\" decoding=\"async\" title=\"Escuchar Radio en VIVO!\" src=\"https:\/\/i0.wp.com\/www.enlaradio.com.ar\/img\/listen_wmp.gif?w=860\" alt=\"\" border=\"0\" \/><\/td>\n<\/tr>\n<\/tbody>\n<\/table>\n","protected":false},"excerpt":{"rendered":"<p>Agreg\u00e1 tu radio\u00a0\u00a0 \u00a0 \u00a0 \u00a0 \u00a0 \u00a0 \u00a0\u00a0\u00a0\u00a0\u00a0\u00a0\u00a0\u00a0\u00a0\u00a0\u00a0\u00a0\u00a0\u00a0\u00a0\u00a0\u00a0\u00a0\u00a0\u00a0\u00a0\u00a0\u00a0\u00a0 Powered By\u00a0\u00a0\u00a0 \u00a0 \u00a0\u00a0 Radio Madres | AM 530 (Buenos Aires) Radio Provincia | AM 1270 (Buenos Aires) FM 94.7, Bah\u00eda Blanca, (Buenos Aires) FM 95.5, Bah\u00eda Blanca, (Buenos Aires) FM 93.1, Bah\u00eda Blanca, (Buenos Aires) FM 96.5, Residencias, Mar del Plata FM 102.5, Sierra de los Padres FM 88.7, De [&#8230;]<\/p>\n","protected":false},"author":11,"featured_media":0,"parent":0,"menu_order":0,"comment_status":"closed","ping_status":"open","template":"radios.php","meta":{"footnotes":""},"class_list":["post-161","page","type-page","status-publish","hentry"],"jetpack_shortlink":"https:\/\/wp.me\/P2JWE0-2B","jetpack-related-posts":[{"id":167,"url":"https:\/\/www.24baires.com\/?page_id=167","url_meta":{"origin":161,"position":0},"title":"Acerca de 24baires","author":"Grupo Sierra","date":"19\/09\/2012","format":false,"excerpt":"24baires.com\u00a0es un portal de noticias de la Provincia de Buenos Aires pero concebido con una filosof\u00eda inversa a la que nos tienen acostumbrados los medios digitales provinciales. Est\u00e1 pensado desde el interior y el conurbano, sin ignorar l\u00f3gicamente lo que ocurre en la capital provincial. La idea rectora es colaborar\u2026","rel":"","context":"Entrada similar","block_context":{"text":"Entrada similar","link":""},"img":{"alt_text":"","src":"https:\/\/i0.wp.com\/www.24baires.com\/wp-content\/uploads\/2012\/09\/mailto1.jpg?resize=350%2C200","width":350,"height":200},"classes":[]},{"id":164,"url":"https:\/\/www.24baires.com\/?page_id=164","url_meta":{"origin":161,"position":1},"title":"Webcams Bonaerenses","author":"Grupo Sierra","date":"18\/09\/2012","format":false,"excerpt":"Envianos la webcam de tu ciudad \u00a0Villa Gesell - Playa y Centro Santa Clara del Mar \u00a0 \u00a0 Mar del Plata - Varias C\u00e1maras \u00a0 \u00a0 \u00a0Balneario Claromec\u00f3 - Tres Arroyos \u00a0 \u00a0 \u00a0San Clemente del Tuy\u00fa \u00a0 Localidad de Daireaux\u00a0 \u00a0 \u00a0Panamericana y 197 \u00a0","rel":"","context":"Entrada similar","block_context":{"text":"Entrada similar","link":""},"img":{"alt_text":"","src":"https:\/\/i0.wp.com\/www.24baires.com\/wp-content\/uploads\/2012\/09\/GESELL1.jpg?resize=350%2C200","width":350,"height":200},"classes":[]}],"jetpack_sharing_enabled":true,"jetpack_likes_enabled":true,"_links":{"self":[{"href":"https:\/\/www.24baires.com\/index.php?rest_route=\/wp\/v2\/pages\/161","targetHints":{"allow":["GET"]}}],"collection":[{"href":"https:\/\/www.24baires.com\/index.php?rest_route=\/wp\/v2\/pages"}],"about":[{"href":"https:\/\/www.24baires.com\/index.php?rest_route=\/wp\/v2\/types\/page"}],"author":[{"embeddable":true,"href":"https:\/\/www.24baires.com\/index.php?rest_route=\/wp\/v2\/users\/11"}],"replies":[{"embeddable":true,"href":"https:\/\/www.24baires.com\/index.php?rest_route=%2Fwp%2Fv2%2Fcomments&post=161"}],"version-history":[{"count":1,"href":"https:\/\/www.24baires.com\/index.php?rest_route=\/wp\/v2\/pages\/161\/revisions"}],"predecessor-version":[{"id":6239,"href":"https:\/\/www.24baires.com\/index.php?rest_route=\/wp\/v2\/pages\/161\/revisions\/6239"}],"wp:attachment":[{"href":"https:\/\/www.24baires.com\/index.php?rest_route=%2Fwp%2Fv2%2Fmedia&parent=161"}],"curies":[{"name":"wp","href":"https:\/\/api.w.org\/{rel}","templated":true}]}}

<p style="text-align: left;"><strong><a href="http://www.24baires.com/contacto/" target="_blank">Agregá tu radio </a>             <em>                        Powered By</em>  <a href="http://www.enlaradio.com.ar/" target="_blank"><img data-recalc-dims="1" loading="lazy" decoding="async" src="https://i0.wp.com/www.enlaradio.com.ar/img/elr_sign.png?resize=101%2C28" alt="Radios de Argentina" width="101" height="28" /></a>      </strong></p>
<table style="width: 560px; height: 75px;" border="0" cellspacing="1" cellpadding="1" align="center">
<tbody>
<tr>
<td style="vertical-align: middle;"><img data-recalc-dims="1" decoding="async" src="https://i0.wp.com/enlaradio.com.ar/img/ids/bd_madres.gif?w=860" alt="Madres de Plaza de Mayo" /></td>
<td style="vertical-align: middle;">Radio Madres | AM 530 (Buenos Aires)</td>
<td style="vertical-align: middle;"><img data-recalc-dims="1" decoding="async" title="Escuchar Radio en VIVO!" src="https://i0.wp.com/www.enlaradio.com.ar/img/listen_wmp.gif?w=860" alt="" border="0" /></td>
</tr>
<tr>
<td style="vertical-align: middle;"><img data-recalc-dims="1" decoding="async" src="https://i0.wp.com/enlaradio.com.ar/img/ids/bd_provincia.gif?w=860" alt="Radio Provincia" /></td>
<td style="vertical-align: middle;">Radio Provincia | AM 1270 (Buenos Aires)</td>
<td style="vertical-align: middle;"><img data-recalc-dims="1" decoding="async" title="Escuchar Radio en VIVO!" src="https://i0.wp.com/www.enlaradio.com.ar/img/listen_wmp.gif?w=860" alt="" border="0" /></td>
</tr>
<tr>
<td style="vertical-align: middle;"><img data-recalc-dims="1" decoding="async" src="https://i0.wp.com/www.enlaradio.com.ar/img/ids/bd_fmciudad.gif?w=860" alt="" /></td>
<td style="vertical-align: middle;">FM 94.7, Bahía Blanca, (Buenos Aires)</td>
<td style="vertical-align: middle;"><img data-recalc-dims="1" decoding="async" title="Escuchar Radio en VIVO!" src="https://i0.wp.com/www.enlaradio.com.ar/img/listen_wmp.gif?w=860" alt="" border="0" /></td>
</tr>
<tr>
<td style="vertical-align: middle;"><img data-recalc-dims="1" decoding="async" src="https://i0.wp.com/www.enlaradio.com.ar/img/ids/bd_universal_bahia.gif?w=860" alt="" /></td>
<td style="vertical-align: middle;">FM 95.5, Bahía Blanca, (Buenos Aires)</td>
<td style="vertical-align: middle;"><img data-recalc-dims="1" decoding="async" title="Escuchar Radio en VIVO!" src="https://i0.wp.com/www.enlaradio.com.ar/img/listen_wmp.gif?w=860" alt="" border="0" /></td>
</tr>
<tr>
<td style="vertical-align: middle;"><img data-recalc-dims="1" decoding="async" src="https://i0.wp.com/www.enlaradio.com.ar/img/ids/bd_labrujula24.gif?w=860" alt="" /></td>
<td style="vertical-align: middle;">FM 93.1, Bahía Blanca, (Buenos Aires)</td>
<td style="vertical-align: middle;"><img data-recalc-dims="1" decoding="async" title="Escuchar Radio en VIVO!" src="https://i0.wp.com/www.enlaradio.com.ar/img/listen_wmp.gif?w=860" alt="" border="0" /></td>
</tr>
<tr>
<td style="vertical-align: middle;"><img data-recalc-dims="1" loading="lazy" decoding="async" class="aligncenter  wp-image-188" title="residencias" src="https://i0.wp.com/www.24baires.com/wp-content/uploads/2012/09/residencias.jpg?resize=114%2C71" alt="" width="114" height="71" /></td>
<td style="vertical-align: middle;">FM 96.5, Residencias, Mar del Plata</td>
<td style="vertical-align: middle;"><img data-recalc-dims="1" decoding="async" title="Escuchar Radio en VIVO!" src="https://i0.wp.com/www.enlaradio.com.ar/img/listen_wmp.gif?w=860" alt="" border="0" /></td>
</tr>
<tr>
<td style="vertical-align: middle;"><img data-recalc-dims="1" loading="lazy" decoding="async" class="aligncenter size-full wp-image-191" title="nativa" src="https://i0.wp.com/www.24baires.com/wp-content/uploads/2012/09/nativa1.jpg?resize=112%2C70" alt="" width="112" height="70" /></td>
<td style="vertical-align: middle;">FM 102.5, Sierra de los Padres</td>
<td style="vertical-align: middle;"><img data-recalc-dims="1" decoding="async" title="Escuchar Radio en VIVO!" src="https://i0.wp.com/www.enlaradio.com.ar/img/listen_wmp.gif?w=860" alt="" border="0" /></td>
</tr>
<tr>
<td style="vertical-align: middle;"><img data-recalc-dims="1" loading="lazy" decoding="async" class="aligncenter size-full wp-image-195" title="azotea" src="https://i0.wp.com/www.24baires.com/wp-content/uploads/2012/09/azotea1.jpg?resize=112%2C71" alt="" width="112" height="71" /></td>
<td style="vertical-align: middle;">FM 88.7, De la Azotea, Mar del Plata</td>
<td style="vertical-align: middle;"><img data-recalc-dims="1" decoding="async" title="Escuchar Radio en VIVO!" src="https://i0.wp.com/www.enlaradio.com.ar/img/listen_wmp.gif?w=860" alt="" border="0" /></td>
</tr>
<tr>
<td style="vertical-align: middle;"><img data-recalc-dims="1" loading="lazy" decoding="async" class="aligncenter size-full wp-image-197" title="pueblo azul" src="https://i0.wp.com/www.24baires.com/wp-content/uploads/2012/09/pueblo-azul.jpg?resize=112%2C71" alt="" width="112" height="71" /></td>
<td style="vertical-align: middle;">FM 104.1, Del Pueblo, Azul</td>
<td style="vertical-align: middle;"><img data-recalc-dims="1" decoding="async" title="Escuchar Radio en VIVO!" src="https://i0.wp.com/www.enlaradio.com.ar/img/listen_wmp.gif?w=860" alt="" border="0" /></td>
</tr>
<tr>
<td style="vertical-align: middle;"><img data-recalc-dims="1" loading="lazy" decoding="async" class="aligncenter size-full wp-image-199" title="kids mdp" src="https://i0.wp.com/www.24baires.com/wp-content/uploads/2012/09/kids-mdp.jpg?resize=112%2C71" alt="" width="112" height="71" /></td>
<td style="vertical-align: middle;">FM 90.5, Radio Kids, Mar del Plata</td>
<td style="vertical-align: middle;"><img data-recalc-dims="1" decoding="async" title="Escuchar Radio en VIVO!" src="https://i0.wp.com/www.enlaradio.com.ar/img/listen_wmp.gif?w=860" alt="" border="0" /></td>
</tr>
</tbody>
</table>

<p>Agregá tu radio                                      Powered By         Radio Madres | AM 530 (Buenos Aires) Radio Provincia | AM 1270 (Buenos Aires) FM 94.7, Bahía Blanca, (Buenos Aires) FM 95.5, Bahía Blanca, (Buenos Aires) FM 93.1, Bahía Blanca, (Buenos Aires) FM 96.5, Residencias, Mar del Plata FM 102.5, Sierra de los Padres FM 88.7, De [&#8230;]</p>

24baires.com es un portal de noticias de la Provincia de Buenos Aires pero concebido con una filosofía inversa a la que nos tienen acostumbrados los medios digitales provinciales. Está pensado desde el interior y el conurbano, sin ignorar lógicamente lo que ocurre en la capital provincial. La idea rectora es colaborar…

Envianos la webcam de tu ciudad  Villa Gesell - Playa y Centro Santa Clara del Mar     Mar del Plata - Varias Cámaras      Balneario Claromecó - Tres Arroyos      San Clemente del Tuyú   Localidad de Daireaux     Panamericana y 197
